[INFO] cloning repository https://github.com/Trangar/bitrange
[INFO] running `Command { std: "git" "-c" "credential.helper=" "-c" "credential.helper=/workspace/cargo-home/bin/git-credential-null" "clone" "--bare" "https://github.com/Trangar/bitrange" "/workspace/cache/git-repos/https%3A%2F%2Fgithub.com%2FTrangar%2Fbitrange", kill_on_drop: false }`
[INFO] [stderr] Cloning into bare repository '/workspace/cache/git-repos/https%3A%2F%2Fgithub.com%2FTrangar%2Fbitrange'...
[INFO] running `Command { std: "git" "rev-parse" "HEAD", kill_on_drop: false }`
[INFO] [stdout] 84787ebc15adfa8afd5fe9f37bbf2bbdab1597ca
[INFO] checking Trangar/bitrange against try#72f88fc4e9458f89516a0b8b0868f3718aec5b47 for pr-74989
[INFO] running `Command { std: "git" "clone" "/workspace/cache/git-repos/https%3A%2F%2Fgithub.com%2FTrangar%2Fbitrange" "/workspace/builds/worker-5/source", kill_on_drop: false }`
[INFO] [stderr] Cloning into '/workspace/builds/worker-5/source'...
[INFO] [stderr] done.
[INFO] validating manifest of git repo https://github.com/Trangar/bitrange on toolchain 72f88fc4e9458f89516a0b8b0868f3718aec5b47
[INFO] running `Command { std: "/workspace/cargo-home/bin/cargo" "+72f88fc4e9458f89516a0b8b0868f3718aec5b47" "read-manifest" "--manifest-path" "Cargo.toml", kill_on_drop: false }`
[INFO] started tweaking git repo https://github.com/Trangar/bitrange
[INFO] removed path dependency bitrange_plugin from git repo https://github.com/Trangar/bitrange
[INFO] finished tweaking git repo https://github.com/Trangar/bitrange
[INFO] tweaked toml for git repo https://github.com/Trangar/bitrange written to /workspace/builds/worker-5/source/Cargo.toml
[INFO] crate git repo https://github.com/Trangar/bitrange already has a lockfile, it will not be regenerated
[INFO] running `Command { std: "/workspace/cargo-home/bin/cargo" "+72f88fc4e9458f89516a0b8b0868f3718aec5b47" "fetch" "--locked" "--manifest-path" "Cargo.toml", kill_on_drop: false }`
[INFO] [stderr] warning: dependency (bitrange_plugin) specified without providing a local path, Git repository, or version to use. This will be considered an error in future versions
[INFO] [stderr]     Updating crates.io index
[INFO] [stderr] error: the lock file /workspace/builds/worker-5/source/Cargo.lock needs to be updated but --locked was passed to prevent this
[INFO] [stderr] If you want to try to generate the lock file without accessing the network, use the --offline flag.
[INFO] the lockfile is outdated, regenerating it
[INFO] running `Command { std: "/workspace/cargo-home/bin/cargo" "+72f88fc4e9458f89516a0b8b0868f3718aec5b47" "generate-lockfile" "--manifest-path" "Cargo.toml" "-Zno-index-update", kill_on_drop: false }`
[INFO] running `Command { std: "/workspace/cargo-home/bin/cargo" "+72f88fc4e9458f89516a0b8b0868f3718aec5b47" "fetch" "--locked" "--manifest-path" "Cargo.toml", kill_on_drop: false }`
[INFO] [stderr] warning: dependency (bitrange_plugin) specified without providing a local path, Git repository, or version to use. This will be considered an error in future versions
[INFO] [stderr]  Downloading crates ...
[INFO] [stderr]   Downloaded bitrange_plugin v0.1.2
[INFO] running `Command { std: "docker" "create" "-v" "/var/lib/crater-agent-workspace/builds/worker-5/target:/opt/rustwide/target:rw,Z" "-v" "/var/lib/crater-agent-workspace/builds/worker-5/source:/opt/rustwide/workdir:ro,Z" "-v" "/var/lib/crater-agent-workspace/cargo-home:/opt/rustwide/cargo-home:ro,Z" "-v" "/var/lib/crater-agent-workspace/rustup-home:/opt/rustwide/rustup-home:ro,Z" "-e" "SOURCE_DIR=/opt/rustwide/workdir" "-e" "CARGO_TARGET_DIR=/opt/rustwide/target" "-e" "CARGO_HOME=/opt/rustwide/cargo-home" "-e" "RUSTUP_HOME=/opt/rustwide/rustup-home" "-w" "/opt/rustwide/workdir" "-m" "1610612736" "--user" "0:0" "--network" "none" "rustops/crates-build-env@sha256:d92eaeed33fa75130ca1ee6c8a01d1ffb62bac859dfdfb3450e3e5d1c0146529" "/opt/rustwide/cargo-home/bin/cargo" "+72f88fc4e9458f89516a0b8b0868f3718aec5b47" "metadata" "--no-deps" "--format-version=1", kill_on_drop: false }`
[INFO] [stderr] WARNING: Your kernel does not support swap limit capabilities or the cgroup is not mounted. Memory limited without swap.
[INFO] [stdout] 262925bf331d7d79a8ea051a83565547d52b3c79ba5ffe4a6487c079c05b4fdd
[INFO] running `Command { std: "docker" "start" "-a" "262925bf331d7d79a8ea051a83565547d52b3c79ba5ffe4a6487c079c05b4fdd", kill_on_drop: false }`
[INFO] running `Command { std: "docker" "inspect" "262925bf331d7d79a8ea051a83565547d52b3c79ba5ffe4a6487c079c05b4fdd", kill_on_drop: false }`
[INFO] running `Command { std: "docker" "rm" "-f" "262925bf331d7d79a8ea051a83565547d52b3c79ba5ffe4a6487c079c05b4fdd", kill_on_drop: false }`
[INFO] [stdout] 262925bf331d7d79a8ea051a83565547d52b3c79ba5ffe4a6487c079c05b4fdd
[INFO] running `Command { std: "docker" "create" "-v" "/var/lib/crater-agent-workspace/builds/worker-5/target:/opt/rustwide/target:rw,Z" "-v" "/var/lib/crater-agent-workspace/builds/worker-5/source:/opt/rustwide/workdir:ro,Z" "-v" "/var/lib/crater-agent-workspace/cargo-home:/opt/rustwide/cargo-home:ro,Z" "-v" "/var/lib/crater-agent-workspace/rustup-home:/opt/rustwide/rustup-home:ro,Z" "-e" "SOURCE_DIR=/opt/rustwide/workdir" "-e" "CARGO_TARGET_DIR=/opt/rustwide/target" "-e" "CARGO_INCREMENTAL=0" "-e" "RUST_BACKTRACE=full" "-e" "RUSTFLAGS=--cap-lints=forbid" "-e" "CARGO_HOME=/opt/rustwide/cargo-home" "-e" "RUSTUP_HOME=/opt/rustwide/rustup-home" "-w" "/opt/rustwide/workdir" "-m" "1610612736" "--user" "0:0" "--network" "none" "rustops/crates-build-env@sha256:d92eaeed33fa75130ca1ee6c8a01d1ffb62bac859dfdfb3450e3e5d1c0146529" "/opt/rustwide/cargo-home/bin/cargo" "+72f88fc4e9458f89516a0b8b0868f3718aec5b47" "check" "--frozen" "--all" "--all-targets" "--message-format=json", kill_on_drop: false }`
[INFO] [stderr] WARNING: Your kernel does not support swap limit capabilities or the cgroup is not mounted. Memory limited without swap.
[INFO] [stdout] ae7f6571ba24321a476e5f6033d4be7195b3cbd80b6c0997c320880a9fcf1355
[INFO] running `Command { std: "docker" "start" "-a" "ae7f6571ba24321a476e5f6033d4be7195b3cbd80b6c0997c320880a9fcf1355", kill_on_drop: false }`
[INFO] [stderr] warning: dependency (bitrange_plugin) specified without providing a local path, Git repository, or version to use. This will be considered an error in future versions
[INFO] [stderr]    Compiling bitrange_plugin v0.1.2
[INFO] [stdout] error[E0599]: no variant or associated item named `Term` found for enum `proc_macro::TokenTree` in the current scope
[INFO] [stdout]   --> /opt/rustwide/cargo-home/registry/src/github.com-1ecc6299db9ec823/bitrange_plugin-0.1.2/src/pattern.rs:60:37
[INFO] [stdout]    |
[INFO] [stdout] 60 |                     Some(TokenTree::Term(term)) => {
[INFO] [stdout]    |                                     ^^^^ variant or associated item not found in `proc_macro::TokenTree`
[INFO] [stdout] 
[INFO] [stdout] 
[INFO] [stdout] error[E0599]: no variant or associated item named `Op` found for enum `proc_macro::TokenTree` in the current scope
[INFO] [stdout]   --> /opt/rustwide/cargo-home/registry/src/github.com-1ecc6299db9ec823/bitrange_plugin-0.1.2/src/pattern.rs:85:28
[INFO] [stdout]    |
[INFO] [stdout] 85 |     if let Some(TokenTree::Op(op)) = item {
[INFO] [stdout]    |                            ^^ variant or associated item not found in `proc_macro::TokenTree`
[INFO] [stdout] 
[INFO] [stdout] 
[INFO] [stdout] error[E0599]: no variant or associated item named `Term` found for enum `proc_macro::TokenTree` in the current scope
[INFO] [stdout]   --> /opt/rustwide/cargo-home/registry/src/github.com-1ecc6299db9ec823/bitrange_plugin-0.1.2/src/pattern.rs:97:28
[INFO] [stdout]    |
[INFO] [stdout] 97 |     if let Some(TokenTree::Term(term)) = item {
[INFO] [stdout]    |                            ^^^^ variant or associated item not found in `proc_macro::TokenTree`
[INFO] [stdout] 
[INFO] [stdout] 
[INFO] [stdout] error: aborting due to 3 previous errors
[INFO] [stdout] 
[INFO] [stdout] 
[INFO] [stdout] For more information about this error, try `rustc --explain E0599`.
[INFO] [stdout] 
[INFO] [stderr] error: could not compile `bitrange_plugin`.
[INFO] [stderr] 
[INFO] [stderr] To learn more, run the command again with --verbose.
[INFO] running `Command { std: "docker" "inspect" "ae7f6571ba24321a476e5f6033d4be7195b3cbd80b6c0997c320880a9fcf1355", kill_on_drop: false }`
[INFO] running `Command { std: "docker" "rm" "-f" "ae7f6571ba24321a476e5f6033d4be7195b3cbd80b6c0997c320880a9fcf1355", kill_on_drop: false }`
[INFO] [stdout] ae7f6571ba24321a476e5f6033d4be7195b3cbd80b6c0997c320880a9fcf1355
